79 and 429.
33
Calculate the greatest common factor of 457951 and 13.
13
What is the greatest common factor of 5308482 and 2853?
951
Calculate the highest common divisor of 20984 and 3096.
344
Calculate the greatest common factor of 272534 and 1462.
86
Calculate the greatest common factor of 14481 and 45.
9
Calculate the highest common factor of 53 and 117236.
53
What is the greatest common factor of 528792 and 99?
33
What is the highest common divisor of 170 and 2630?
10
What is the greatest common divisor of 7176 and 1573?
13
Calculate the highest common divisor of 792 and 653708.
44
Calculate the greatest common factor of 57904 and 11704.
616
Calculate the greatest common divisor of 5032 and 746623.
629
Calculate the highest common divisor of 10076 and 726.
22
Calculate the highest common divisor of 34339 and 498662.
1493
Calculate the greatest common divisor of 134 and 176411.
67
What is the highest common divisor of 7756 and 49?
7
Calculate the greatest common divisor of 95 and 1119727.
19
Calculate the highest common divisor of 2185 and 621.
23
Calculate the highest common factor of 1653 and 88566.
87
Calculate the highest common factor of 17 and 704701.
17
What is the greatest common divisor of 4002 and 18699?
69
Calculate the greatest common divisor of 14229 and 73842.
93
What is the highest common divisor of 480 and 18080?
160
Calculate the highest common factor of 91256 and 34.
34
What is the greatest common divisor of 2910 and 4620?
30
Calculate the highest common divisor of 565 and 298207.
113
Calculate the highest common divisor of 7448 and 72.
8
Calculate the highest common divisor of 326924 and 364.
52
What is the greatest common factor of 1265 and 1594659?
253
What is the greatest common factor of 728 and 774280?
104
What is the highest common factor of 428 and 900?
4
What is the greatest common divisor of 112508 and 176?
44
What is the greatest common divisor of 20 and 16780?
20
Calculate the highest common divisor of 79134 and 1815.
363
Calculate the highest common factor of 5055 and 15.
15
Calculate the highest common divisor of 7115 and 3425.
5
Calculate the highest common divisor of 2136319 and 639.
71
What is the highest common divisor of 43880 and 8?
8
Calculate the greatest common factor of 1952 and 61244.
244
Calculate the highest common factor of 9198 and 84.
42
Calculate the highest common divisor of 856107 and 535.
107
Calculate the highest common divisor of 744 and 12648.
744
Calculate the greatest common divisor of 244 and 8220.
4
Calculate the greatest common factor of 2832 and 684636.
708
Calculate the highest common divisor of 58755 and 2715.
15
Calculate the greatest common divisor of 342 and 13946.
38
Calculate the highest common divisor of 1054 and 58528.
62
What is the highest common factor of 407903 and 463?
463
Calculate the highest common factor of 190284 and 118692.
1884
What is the greatest common factor of 9408 and 32046?
294
Calculate the highest common divisor of 8 and 1078648.
8
What is the highest common factor of 973557 and 3445?
689
Calculate the greatest common factor of 9309 and 435.
87
What is the highest common divisor of 28119 and 637?
91
What is the greatest common factor of 141332 and 131804?
1588
What is the highest common divisor of 150315 and 66?
33
What is the highest common divisor of 270 and 156250?
10
What is the highest common factor of 18 and 78978?
6
Calculate the highest common divisor of 3408 and 100200.
24
Calculate the highest common divisor of 15562 and 4092.
62
What is the greatest common factor of 18 and 1119078?
18
Calculate the highest common factor of 187 and 82569.
17
Calculate the greatest common divisor of 36747 and 27.
27
What is the greatest common divisor of 545 and 37169?
109
Calculate the greatest common factor of 971568 and 3287.
173
Calculate the greatest common divisor of 424 and 7189768.
424
What is the highest common divisor of 6800 and 1111120?
1360
What is the greatest common divisor of 5137 and 77?
11
What is the greatest common factor of 4440 and 10?
10
What is the greatest common divisor of 167728 and 528?
176
What is the highest common divisor of 267 and 61054?
89
What is the highest common factor of 456700 and 20?
20
Calculate the greatest common divisor of 1227864 and 264.
264
Calculate the greatest common divisor of 113 and 2103947.
113
Calculate the highest common divisor of 1070966 and 13.
13
Calculate the greatest common divisor of 365 and 705253.
73
What is the highest common factor of 23403 and 2001?
87
What is the highest common factor of 41371 and 671?
11
Calculate the greatest common divisor of 31 and 1148054.
31
What is the highest common divisor of 173414 and 186?
62
Calculate the highest common factor of 120 and 14230.
10
Calculate the greatest common factor of 45 and 36355.
5
What is the greatest common divisor of 169 and 357136?
13
What is the greatest common factor of 12921 and 14337?
177
Calculate the greatest common factor of 83683 and 67.
67
What is the greatest common factor of 12044 and 32?
4
What is the highest common divisor of 16425 and 150?
75
What is the greatest common divisor of 80 and 913840?
80
Calculate the highest common divisor of 67 and 16375537.
67
What is the highest common divisor of 369 and 2747?
41
Calculate the highest common divisor of 5766 and 434.
62
What is the greatest common factor of 442 and 136?
34
Calculate the highest common factor of 5828 and 9672.
124
Calculate the greatest common divisor of 1104 and 246.
6
Calculate the greatest common divisor of 57 and 27056.
19
What is the highest common divisor of 1701 and 6318?
243
What is the highest common divisor of 14 and 34174?
14
What is the highest common factor of 96 and 8656?
16
Calculate the greatest common divisor of 9 and 145857.
3
What is the highest common divisor of 936 and 1248?
312
Calculate the highest common factor of 608 and 55744.
32
What is the greatest common factor of 7 and 2562?
7
What is the greatest common divisor of 4 and 1629?
1
Calculate the greatest common divisor of 1144 and 40.
8
Calculate the highest common divisor of 1115646 and 8416.
526
What is the highest common divisor of 19 and 41365?
1
What is the greatest common divisor of 262439 and 67?
67
What is the greatest common divisor of 25602 and 204?
102
What is the highest common factor of 137 and 258793?
137
What is the greatest common factor of 5248 and 62156?
164
What is the highest common divisor of 92 and 3728?
4
What is the highest common divisor of 600 and 5814300?
300
What is the greatest common divisor of 32 and 28694?
2
Calculate the greatest common factor of 106302 and 6.
6
Calculate the highest common divisor of 303968 and 472.
472
What is the greatest common factor of 1298 and 2882?
22
What is the highest common divisor of 90 and 245130?
30
What is the highest common factor of 64 and 688544?
32
Calculate the greatest common divisor of 513 and 51381.
27
What is the highest common factor of 8225 and 350?
175
What is the highest common divisor of 750112 and 352?
352
Calculate the highest common divisor of 428 and 1203750.
214
What is the greatest common factor of 1428 and 3444?
84
Calculate the greatest common divisor of 494 and 9899.
19
Calculate the highest common factor of 195 and 837993.
39
What is the highest common divisor of 63 and 5761?
7
What is the greatest common divisor of 693305 and 15?
5
What is the greatest common divisor of 9525 and 51?
3
Calculate the greatest common factor of 32 and 503.
1
What is the highest common divisor of 141 and 653817?
141
What is the greatest common factor of 42 and 17913?
21
Calculate the greatest common divisor of 586144 and 390.
26
Calculate the greatest common divisor of 2641 and 893.
19
What is the greatest common divisor of 1695 and 166449?
339
Calculate the highest common divisor of 375 and 285.
15
What is the greatest common divisor of 256 and 42752?
256
What is the greatest common divisor of 1127 and 14881?
23
What is the greatest common factor of 133031 and 151?
151
What is the greatest common factor of 15708 and 94962?
714
What is the greatest common factor of 672 and 51856?
112
What is the greatest common divisor of 2464 and 294?
14
What is the highest common divisor of 32081 and 7?
7
What is the greatest 